 be -13 - (3 + (2 - 4)). Let p = 20 + k. What is the remainder when 11 is divided by p?
5
Suppose 360 = 407*b - 389*b. What is the remainder when 215 is divided by b?
15
Suppose 3*y = -0*y + 18. Suppose 154 - 289 = -9*p. Calculate the remainder when p is divided by y.
3
Let n(r) = 3*r**2 - 55*r - 32. Let u = 31 + -22. What is the remainder when u is divided by n(19)?
3
Suppose -65 = -3*l + 2*t, -25 = -7*t + 2*t. Calculate the remainder when 41 is divided by l.
16
Let k be (-3 - -26)/(2 + -3). Let z = 71 + k. Suppose -3*t = 3*l - z, t = 3*l - 0*t - 68. What is the remainder when l is divided by 11?
10
Let s(o) = 35*o. Let t be s(4). Suppose d - 3*d + t = 0. Let l(n) = n**2 + 17*n - 120. What is the remainder when d is divided by l(6)?
16
Suppose 3*y - 139 = -2*w, -210 = -3*w - 2*y - y. Let n be (-4)/(-1*(-2)/(-10)). Suppose n = r - 4. What is the remainder when w is divided by r?
23
Suppose -3*q + 68 = q. Suppose -5*n + k = -413, 3*n + 2*n - 2*k = 416. What is the remainder when n is divided by q?
14
Suppose -22 = f - 3*f. What is the remainder when 26 + -10*(-1)/(-2) is divided by f?
10
Let w = 92 + -130. Let v = 40 + w. Suppose -2*s = -1 - 7. What is the remainder when s is divided by v?
0
Let l(j) = 2*j**3 - 6*j**2 + 5*j - 6. Calculate the remainder when 2346 is divided by l(3).
6
Suppose 0 = i - 3*k - 108, -5*i - 274 = -8*i - k. What is the remainder when 256 is divided by i?
70
Let t(z) = 38*z - 7. Let r = 58 + -56. Calculate the remainder when t(r) is divided by 18.
15
Let f(h) = h**2 - 8*h - 13. Let v be f(9). What is the remainder when 111 is divided by 2/(-8) - (-2 + 105/v)?
27
Let x = -1459 + 1577. What is the remainder when x is divided by 17?
16
Let r(g) be the second derivative of g**5/2 - g**4/12 + g**2 - 6*g. Let t be r(2). Suppose t + 6 = 2*b. Calculate the remainder when b is divided by 22.
20
Suppose 4*x + 0 = -8, x + 4 = 2*q. Calculate the remainder when 149 is divided by (14 + -17)*(-10)/q.
29
Let p be (-1)/(-4) + (1 - (-878)/8). Suppose 5*q + i - 130 = 0, -5*q + i + 19 + p = 0. Calculate the remainder when q is divided by 11.
4
Let x = 55 + -45. What is the remainder when x is divided by 3/(1 - (-2 - -2))?
1
Suppose 2*f = -2*f + 216. Suppose 3*v = 9*v - f. What is the remainder when v is divided by 5?
4
Suppose -23*u + 4 = -21*u. Let l(n) = 4*n + 6. Let q(k) = 3*k + 5. Let o(j) = -5*l(j) + 6*q(j). What is the remainder when o(-5) is divided by u?
0
Suppose 2*h - 6*h = -4. What is the remainder when (h + 1)/(24/276) is divided by 12?
11
Let g = -111 + 137. Suppose -9*u + 11*u - g = 0. What is the remainder when u is divided by 3?
1
Let z(h) = -5*h. Let i(m) be the third derivative of -11*m**4/24 - 2*m**3/3 - 7*m**2. Calculate the remainder when z(-5) is divided by i(-1).
4
Let g be (-9)/(-5) - (-8)/40. Suppose 2*q = b - 6, -4*b + g*q - 4*q + 34 = 0. Suppose -4*z = -b*z + 308. Calculate the remainder when z is divided by 16.
13
Suppose -10*v + 351 = -v. Suppose -12*r + v = -9*r. Calculate the remainder when -2 + 1 - (-5 + -34) is divided by r.
12
Suppose -q - 2*y = -11, 0 = 4*q - 0*q - 4*y - 44. Suppose -173*u + 170*u = -54. Let h = u - q. What is the remainder when 11 is divided by h?
4
Let p be (-9 - ((-4)/(-2) + -3))*-2. Suppose p + 187 = 7*d. What is the remainder when 53 is divided by d?
24
Suppose -1024 = -23*v - 9*v. What is the remainder when 74 is divided by v?
10
Let p(q) = -28*q - 3. Let l(r) = r**3 + 2*r**2 + 11. Let i be l(-3). Suppose 2*u - b - 24 = -2*b, b = i. What is the remainder when p(-2) is divided by u?
9
Let n(w) be the first derivative of -w**4/4 + 2*w**3 + w**2 - 21*w + 45. Calculate the remainder when 56 is divided by n(4).
18
Suppose 124 = -5*f - 2*y, -f = 4*f - 2*y + 136. Let u = f + 115. Calculate the remainder when u is divided by 15.
14
Suppose -56*p + 9321 = -17*p. Calculate the remainder when p is divided by 30.
29
Suppose 0 = -3*n - 2*n - 270. Let o = -75 - n. Calculate the remainder when 46 is divided by (-511)/o + (-2)/6.
22
Suppose 2*x + 157 = 3*b, 2*b = 4*x - 3*b + 309. What is the remainder when -1 - -1 - -1 - 0 - x is divided by 19?
15
Suppose 2*b - l + 217 = 0, -b + 330 = -4*b - 3*l. Let m = 166 + b. Calculate the remainder when m is divided by 30/(-20)*(-20)/2.
12
Suppose -2*c - c + 33 = 0. Let z = 8626 - 8607. Calculate the remainder when z is divided by c.
8
Let f be 2 - 0 - (1 - -17). What is the remainder when 56/(5 + (-12)/4) is divided by (3 + -2)*-1 - f?
13
Let s(z) = -14*z + 1. Let w be s(-4). Let m = 72 - w. Calculate the remainder when 27 is divided by m.
12
Let c = 151 + -84. Let w(x) = x**2 - 3*x - 30. Let r be w(11). Let v = r - 44. What is the remainder when c is divided by v?
11
Let u(d) = 6*d - 38. Suppose -2*r - 5*n + 29 = 0, 5*r - n - 63 = -4*n. Let b(y) = y**2 - 10*y. Calculate the remainder when u(22) is divided by b(r).
22
Let o = -309 - -539. Suppose p + o = 11*p. What is the remainder when p is divided by 13?
10
Let l(b) = -3*b**2 - 7*b - 5. Let r be l(-2). Let v(u) = -8*u - 2. Let o(w) = 3*w**2 + w + 6. Calculate the remainder when o(5) is divided by v(r).
20
Suppose d = h + 207, -56*h - 418 = -2*d - 52*h. What is the remainder when d is divided by 57?
34
Let s(x) = -x**2 + 11*x - 1. Let d = 85 - 32. Calculate the remainder when d is divided by s(4).
26
Let d(n) = n**2 + 9*n + 38. What is the remainder when d(-22) is divided by 5?
4
Calculate the remainder when 66 is divided by (1416/(-39))/(-2) - 2/13.
12
Let k = 19 - 12. What is the remainder when 62/7 + 60/420 is divided by k?
2
Suppose 261 = -26*g - 3*g. Let q(u) be the first derivative of u**3/3 - u**2 + 10*u + 1. What is the remainder when q(g) is divided by 28?
25
Let s(o) = -9*o**3 - 13*o**2 + o - 18. Let y(w) = -5*w**3 - 7*w**2 - 9. Let p(v) = 4*s(v) - 7*y(v). Calculate the remainder when p(-5) is divided by 3.
0
Let m(b) = b**2 + b + 7. What is the remainder when 294 is divided by m(-6)?
35
Let n(a) = 0*a**2 - a**3 - 2 - 4*a - 2*a**2 - 2*a - 3*a**2. Calculate the remainder when (4/12)/(2/138) is divided by n(-4).
5
Let r = -139 + 70. Let l = r + 73. What is the remainder when 7 is divided by l?
3
Suppose 5*o + 4*j - 273 = 0, 3*o - 125 = 5*j + 24. Calculate the remainder when o is divided by 14.
11
Suppose -2*m + 376 = -3*j, -j + 132 = -2*j - m. Let p = j - -143. Calculate the remainder when 27 is divided by p.
12
Let v = 631 + -614. Calculate the remainder when 813 is divided by v.
14
Suppose 15 = 3*b - 2*b. Let g(d) = 7*d**2 - 26*d - 231. What is the remainder when g(-6) is divided by b?
12
Let s be 3 - 1 - (-2)/2. Let z = s - -50. Let n = 18 + -4. What is the remainder when z is divided by n?
11
Let x(y) = -11*y**2 + 412*y - 69. Calculate the remainder when 223 is divided by x(37).
107
Let x(n) = n**3 - 4*n**2 - 6*n + 15. Let b be x(5). What is the remainder when 5/b*-2 - -83 is divided by 17?
14
Let m(j) = -10*j - 7. Suppose 2*i + 5*h - 16 = i, 0 = -4*h + 16. Calculate the remainder when m(i) is divided by 18.
15
Suppose -581 = -s + 2*g, 2*g = -4*s + g + 2324. Suppose -4*j - 45 = -s. Suppose -j = -4*t - 10. What is the remainder when t is divided by 11?
9
Let u = 3572 - 3511. Suppose -2*o = -4*i - 4, 4*o - 13 = 2*i + 1. Suppose 68 = 5*w - o*p, p - 3*p + 6 = 0. What is the remainder when u is divided by w?
13
Suppose -o + 3 = 0, -3*m = m + 4*o - 288. Suppose -4*b + 251 + m = 0. Suppose 5*s - 65 = b. Calculate the remainder when s is divided by 10.
9
Let f(t) = t**3 - 6*t**2 + 5*t + 1. Let g(u) = -u**3 - u**2 - 2*u - 1. Let n be g(-2). Suppose n*k + 2 = 58. Calculate the remainder when f(6) is divided by k.
7
Let t(z) = -2*z**3 - 4*z**2 - z - 4. Suppose -5 - 7 = 5*f - 3*u, 2*u - 13 = 5*f. Calculate the remainder when t(f) is divided by (10 - 22)/((-4)/2).
5
Let l = 36 - 25. Suppose -11 = -2*k + l. Calculate the remainder when 20 is divided by k.
9
Suppose 0 = 5*c - 27 + 2. Suppose 0 = c*q + o - 933, -q + 4*o = -o - 197. Calculate the remainder when q/9 - 14/(-63) is divided by 12.
9
Suppose -3*u + 51 = m, u - 5*u = 3*m - 63. Calculate the remainder when u is divided by 8.
2
Let l = 33 - -37. Suppose 156 = -19*v + 32*v. What is the remainder when l is divided by v?
10
Let z be ((-6)/4 + 0)*2. Let u = 12 - 6. Let b = u + z. What is the remainder when 5 is divided by b?
2
Let v(n) = 2 + 0*n - 2*n +